415*o + 104565. What is q(-252)?
-15
Let b(i) = -5*i - 38. Calculate b(2).
-48
Let x(k) = 205*k - 1033. Determine x(5).
-8
Let h(s) = -4*s**2 + 100*s - 524. What is h(8)?
20
Let u(m) = -400*m + 22803. Determine u(57).
3
Let d(i) = -2*i**3 - 106*i**2 - 14*i - 6584. Determine d(-54).
4
Let k(c) = 7*c - 145. Determine k(20).
-5
Let u(y) = y**2 - 100*y - 8958. What is u(157)?
-9
Let k(y) = -337*y - 19870. Give k(-59).
13
Let o(m) = -4*m**2 - 49*m - 128. Calculate o(-7).
19
Let x(l) = -125*l + 12. Determine x(-1).
137
Let j(a) = -a**3 + 16*a**2 + 7*a + 23. Calculate j(17).
-147
Let a(f) = -2*f**2 - 107*f - 1400. Calculate a(-25).
25
Let l(m) = -161*m**2 - 2*m. Give l(1).
-163
Let a(u) = u**3 - 81*u**2 - 68*u - 1079. Give a(82).
69
Let o(i) = i**2 + 123*i - 4035. Determine o(27).
15
Let m(r) = 99*r**3 - r**2 - r. Calculate m(-1).
-99
Let p(h) = -h**3 + 47*h**2 + 153*h - 137. What is p(50)?
13
Let w(l) = 11*l - 826. Calculate w(75).
-1
Let f(g) = -g**2 - 281*g + 2597. Determine f(9).
-13
Let b(n) = n**3 + 204*n**2 + 545*n - 11655. Determine b(-201).
3
Let b(z) = z**3 + 124*z**2 + 49*z + 6090. Determine b(-124).
14
Let c(g) = 698*g + 684. Give c(-1).
-14
Let k(l) = l**3 + 26*l**2 + 21*l - 57. Give k(-25).
43
Let b(c) = 8*c**2 - 232*c + 1141. What is b(5)?
181
Let l(j) = 194*j - 23469. Calculate l(121).
5
Let n(s) = -4*s**3 + 66*s**2 + 35*s - 24. What is n(17)?
-7
Let k(n) = 7*n**3 + 2*n**2 + 7*n + 5. Give k(0).
5
Let d(k) = 7*k - 12. Calculate d(2).
2
Let p(d) = 165*d - 3684. What is p(23)?
111
Let n(j) = -385*j + 2400. What is n(6)?
90
Let a(c) = -6*c**2 + 29*c - 170. Give a(5).
-175
Let q(l) = l**2 - 41*l + 9. Give q(0).
9
Let t(v) = v**2 + 62*v - 871. Calculate t(-74).
17
Let m(d) = -d**3 - 14*d**2 + d + 19. Calculate m(-8).
-373
Let r(s) = 3205*s - 28835. Calculate r(9).
10
Let k(u) = 3*u**2 + 286*u + 5438. Determine k(-26).
30
Let s(h) = -111*h**2 + 459*h - 9. Give s(4).
51
Let z(s) = -s**3 - 164*s**2 + 1023*s - 14. What is z(6)?
4
Let z(k) = -k**3 - 15*k**2 - 21*k + 47. Determine z(-15).
362
Let s(x) = 121*x + 953. What is s(0)?
953
Let x(q) = -q**2 - 82*q - 384. Determine x(-5).
1
Let b(p) = 4*p**3 + 7*p**2 - p - 19. Calculate b(4).
345
Let i(j) = 14*j + 666. Give i(-47).
8
Let j(v) = 3*v**3 + 87*v**2 - 10*v - 296. Determine j(-29).
-6
Let y(l) = -26*l**2 + 44*l - 44. What is y(1)?
-26
Let k(c) = 3*c**3 + 52*c**2 - 37*c - 74. What is k(-18)?
-56
Let q(y) = -904*y + 18076. What is q(20)?
-4
Let z(m) = -381*m + 21353. Calculate z(56).
17
Let y(f) = -13*f**2 - 663*f + 96. What is y(-51)?
96
Let c(b) = -6*b**3 + 22*b**2 - 5*b - 13. Calculate c(3).
8
Let a(b) = -b**3 + 15*b**2 - b - 23. What is a(15)?
-38
Let r(d) = 2*d**2 - 30*d + 25. Determine r(20).
225
Let y(h) = 120*h - 1705. Give y(14).
-25
Let x(p) = -p**3 - p**2 + p - 499. Determine x(0).
-499
Let p(l) = 2*l**2 - 22*l + 51. Give p(7).
-5
Let d(h) = -19*h - 21. Give d(15).
-306
Let w(t) = 2*t**2 + 11*t + 108. Calculate w(-10).
198
Let z(i) = 46*i - 383. Calculate z(8).
-15
Let r(m) = -38*m - 1139. What is r(-29)?
-37
Let u(f) = -1441*f - 18757. Calculate u(-13).
-24
Let a(x) = -1306*x + 15669. What is a(12)?
-3
Let l(t) = 21*t + 996. What is l(-47)?
9
Let b(i) = -9*i - 175. What is b(-38)?
167
Let h(t) = -t**3 + 6*t**2 + 69*t - 402. What is h(5)?
-32
Let q(l) = 4*l - 306. Determine q(78).
6
Let z(v) = -2*v**3 - 19*v**2 - 10*v + 22. Calculate z(-9).
31
Let q(n) = -n**3 - 97*n**2 + 1929*n - 990. Calculate q(-114).
36
Let t(k) = 407*k - 2320. Determine t(6).
122
Let w(x) = -2*x**3 - 30*x**2 - 3*x + 32. What is w(-14)?
-318
Let g(h) = -h**3 - 9*h**2 + 166*h + 1561. What is g(-10)?
1
Let t(d) = -d**3 - 19*d**2 - 83*d - 562. Calculate t(-16).
-2
Let b(t) = -5*t**3 - 24*t**2 + 140*t + 107. What is b(-8)?
11
Let y(u) = 9*u**3 - 2*u**2 - 6*u - 12. Determine y(-2).
-80
Let r(a) = -a**3 - 59*a**2 + 453*a - 473. Calculate r(-66).
121
Let s(x) = -75*x**3 - 7*x**2 - 16*x + 1. What is s(-2)?
605
Let n(f) = -f**3 - 12*f**2 - 25*f + 23. Determine n(-8).
-33
Let f(p) = p**3 - 11*p**2 + 5*p - 160. What is f(12)?
44
Let v(w) = 3*w**3 + 115*w**2 - 73*w + 184. What is v(-39)?
-11
Let i(k) = k**3 + 10*k**2 - 26*k - 4. Determine i(-12).
20
Let m(g) = -g**2 + 155*g + 1105. What is m(-7)?
-29
Let x(d) = -15*d**2 + 240*d + 28. Determine x(16).
28
Let b(t) = -106*t - 65. What is b(-2)?
147
Let p(q) = 2*q**2 + 786*q - 8880. Calculate p(11).
8
Let h(a) = -323*a + 401. Give h(2).
-245
Let y(g) = -g**3 - 2*g**2 + 104*g - 196. What is y(2)?
-4
Let k(c) = -96*c**3 - c**2 + 36*c - 60. Determine k(2).
-760
Let f(o) = o**3 + 92*o**2 + 512*o - 281. Give f(-86).
63
Let o(h) = -23*h - 820. What is o(-36)?
8
Let v(y) = -141*y + 992. Give v(7).
5
Let i(g) = -g**3 - 83*g**2 + 161*g - 762. Calculate i(-85).
3
Let z(o) = -3*o**3 + 75*o**2 - 196*o - 51. Determine z(22).
-7
Let o(m) = m + 51. Determine o(7).
58
Let u(f) = f**3 + 3*f**2 - 30. Determine u(-3).
-30
Let t(h) = 3*h**2 + 969*h - 9838. What is t(10)?
152
Let v(p) = -471*p + 74410. What is v(158)?
-8
Let c(x) = 10*x**2 + 70*x - 94. Give c(-8).
-14
Let k(l) = -l**2 - 32*l - 254. Give k(-13).
-7
Let y(g) = 59*g - 1398. What is y(24)?
18
Let i(w) = -w**3 - w**2 + 53*w - 18. What is i(-8)?
6
Let l(y) = 133*y + 2403. Give l(-18).
9
Let f(y) = 44*y**2 - 1069*y + 330. Give f(24).
18
Let q(t) = -17*t**2 + t - 55. Determine q(-6).
-673
Let r(t) = -12*t**2 + 51*t - 41. Give r(3).
4
Let r(o) = -43*o - 18. What is r(1)?
-61
Let x(v) = 221*v + 72. Calculate x(-1).
-149
Let p(b) = 2*b**3 - 16*b**2 + 77*b - 437. Give p(7).
4
Let h(v) = 4*v**2 - 213*v - 1362. Determine h(59).
-5
Let l(w) = w**3 - 26*w**2 + 169*w - 17. Give l(12).
-5
Let v(a) = -a**2 + 85*a - 1803. Calculate v(43).
3
Let k(o) = -o**3 + 17*o**2 + 15*o + 77. What is k(18)?
23
Let l(o) = 2*o**2 - 822*o - 24591. What is l(-28)?
-7
Let x(b) = 4158*b + 8290. Calculate x(-2).
-26
Let b(z) = -z**3 - 38*z**2 + 120*z - 118. Give b(-41).
5
Let s(x) = -3*x**3 + 58*x**2 - 17*x + 15. Give s(19).
53
Let f(z) = -100*z + 701. Give f(11).
-399
Let w(h) = -3*h**3 - 71*h**2 + 25*h + 22. Calculate w(-24).
-2
Let o(b) = -b**3 - b**2 + 92*b + 337. Determine o(-4).
17
Let w(z) = z**3 - 54*z**2 + 45*z + 419. Determine w(53).
-5
Let y(w) = w**3 + 9*w**2 - 3*w - 94. Give y(-8).
-6
Let p(y) = y**3 + 13*y**2 + 205*y + 3061. What is p(-14)?
-5
Let w(x) = -2*x**2 - 83*x + 80. Calculate w(1).
-5
Let c(h) = 40*h**2 - 1532*h + 460. Determine c(38).
4
Let g(x) = -x**3 - 23*x**2 + 12*x - 297. What is g(-24)?
-9
Let b(f) = -22*f + 3629. Calculate b(165).
-1
Let r(g) = -g**2 + 44*g + 59. Determine r(30).
479
Let i(w) = 2*w**3 + 6*w**2 + 6*w - 14. Calculate i(-8).
-702
Let a(j) = -2*j**3 + 28*j**2 + 43*j - 191. Give a(15).
4
Let w(f) = f**3 - 30*f**2 - 254*f - 122. What is w(37)?
63
Let k(b) = 6*b**2 + 98*b - 1107. Determine k(-24).
-3
Let t(u) = -2*u + 5. Determine t(9).
-13
Let u(t) = -3*t**2 - 259*t - 260. Give u(-1).
-4
Let n(p) = -9*p**2 + 42*p - 3. What is n(5)?
-18
Let v(g) = 57*g**3 + 3*g**2 - 7*g + 7. Calculate v(2).
461
Let j(i) = i**2 + 388*i - 3147. Give j(8).
21
Let k(l) = l**3 - 177*l**2 - 257*l + 14065. What is k(178)?
3
Let q(r) = -4*r - 98. Determine q(-13).
-46
Let b(z) = -2*z**2 - 165*z - 224. Give b(-81).
19
Let s(p) = -p**2 + 84*p - 1203. Give s(17).
-64
Let h(a) = -493*a + 10315. Calculate h(21).
-38
Let f(x) = 1279*x - 11407. What is f(9)?
104
Let l(p) = -8*p**3 - 204*p**2 + 106*p - 1. Give l(-26).
-53
Let n(v) = -32*v + 285. Calculate n(0).
285
Let r(m) = 301*m + 2418. Give r(-8).
10
Let g(l) = -584*l - 7083. Calculate g(-12).
-75
Let a(v) = v**2 - 45*v - 545. Calculate a(55).
5
Let f(q) = 5*q**2 + 30*q - 53. Calculate f(-8).
27
Let u(t) = -2*t**2 + 151*t + 447. Give u(-3).
-24
Let h(r) = -2*r**3 + 18*r**2 + 15*r + 1. Determine h(8).
249
Let u(l) = l**3 - 5*l**2 - 6*l - 147. Calculate u(8).
-3
Let c(t) = 2077*t - 16621. What is c(8)?
-5
Let r(a) = -25*a - 910. Calculate r(-37).
15
Let m(g) = g**3 + 31*g**2 - 37*g - 24. Give m(-32).
136
Let v(k) = k**2 + 11*k - 17. Calculate v(-15).
43
Let x(y) = y**2 - 419*y + 35697. What is x(119)?
-3
Let q(t) = -t**2 + 179*t + 29819. Determine q(284).
-1
Let d(s) = 7*s**2 - 9*s - 48. Calculate d(3).
-12
Let g(l) = 5*l**3 - l**2 - 174*l - 502. Determine g(-3).
-124
Let n(h) = -36*h - 460. Give n(-19).
224